78751 prime?
False
Is 1542679 a prime number?
False
Is 37764763 a prime number?
True
Is 84204073 a composite number?
False
Is 8357299 prime?
False
Is 876971 a prime number?
True
Is 41847529 a prime number?
True
Is 483537181 prime?
False
Is 155204419 composite?
False
Is 2708555 prime?
False
Is 6143483 composite?
False
Is 37614881 prime?
False
Is 34569817 a prime number?
True
Is 50877653 composite?
True
Is 34474745 a composite number?
True
Is 74698307 a composite number?
True
Is 4145393 a prime number?
False
Is 173605 a prime number?
False
Is 33889837 composite?
True
Is 122553271 prime?
False
Is 3508823 prime?
True
Is 664421 composite?
False
Is 88909247 a composite number?
True
Is 71105153 a prime number?
False
Is 262386427 a composite number?
False
Is 396329 prime?
False
Is 955187 composite?
True
Is 2492407 a composite number?
True
Is 8910989 composite?
False
Is 962317 a prime number?
False
Is 12275374 a composite number?
True
Is 13284049 a composite number?
False
Is 35374451 a composite number?
True
Is 106129159 prime?
False
Is 2592631 a composite number?
False
Is 5787479 a prime number?
True
Is 251884379 a composite number?
False
Is 359284183 prime?
False
Is 7973447 prime?
False
Is 3031895 prime?
False
Is 17663 a composite number?
True
Is 1422303 prime?
False
Is 62498641 prime?
False
Is 85211899 a prime number?
False
Is 6654887 composite?
False
Is 4608833 a prime number?
True
Is 72380573 prime?
True
Is 3373091 composite?
False
Is 7574617 composite?
False
Is 8627111 composite?
False
Is 5567113 a prime number?
True
Is 178553411 a composite number?
True
Is 4985623 a prime number?
True
Is 133357589 composite?
False
Is 32117 composite?
False
Is 606267559 a prime number?
True
Is 357690103 composite?
False
Is 109810133 a composite number?
True
Is 212897 a prime number?
True
Is 22733026 a composite number?
True
Is 523717 a composite number?
False
Is 1527397 prime?
False
Is 5636243 prime?
False
Is 71254097 a prime number?
True
Is 7095895 prime?
False
Is 77695105 composite?
True
Is 632336995 a prime number?
False
Is 43271159 a composite number?
False
Is 4695311 composite?
False
Is 316449523 a composite number?
True
Is 670763 a prime number?
True
Is 523207727 prime?
False
Is 296963153 prime?
False
Is 48381859 prime?
True
Is 12405779 a composite number?
False
Is 812378287 composite?
True
Is 411889 prime?
False
Is 253915969 composite?
True
Is 46771817 prime?
False
Is 667433 a prime number?
False
Is 155278861 prime?
False
Is 34539943 a prime number?
True
Is 446174987 a prime number?
False
Is 516006017 composite?
True
Is 42649 a prime number?
True
Is 1469921 composite?
False
Is 68448449 a prime number?
True
Is 3727837 a prime number?
True
Is 54743629 a composite number?
False
Is 10907651 a prime number?
True
Is 399497413 composite?
True
Is 1351009 a prime number?
False
Is 7981301 a prime number?
False
Is 836603 prime?
False
Is 3298133 a composite number?
True
Is 270393413 a composite number?
False
Is 7529689 prime?
False
Is 21767 prime?
True
Is 366631 prime?
True
Is 120552067 prime?
False
Is 1074715 a prime number?
False
Is 438231403 prime?
True
Is 14403953 a prime number?
True
Is 39895601 prime?
True
Is 5111707 prime?
True
Is 56134649 composite?
False
Is 3116686 composite?
True
Is 1128761 composite?
False
Is 67651697 prime?
True
Is 3423263 prime?
True
Is 27645041 prime?
True
Is 130344349 a prime number?
False
Is 1275863 a composite number?
False
Is 3459707 prime?
False
Is 42147977 a prime number?
True
Is 7452593 composite?
True
Is 50399617 a composite number?
False
Is 732261 a composite number?
True
Is 6113159 composite?
True
Is 4078111 a prime number?
False
Is 10656634 prime?
False
Is 918041 prime?
True
Is 14035721 composite?
True
Is 1176076427 prime?
True
Is 21546509 a composite number?
False
Is 9889561 prime?
False
Is 131788589 prime?
True
Is 18496589 a composite number?
False
Is 31150219 composite?
False
Is 773321 a prime number?
False
Is 1863756695 composite?
True
Is 3858161 composite?
True
Is 163639577 prime?
True
Is 113093 a prime number?
True
Is 8871371 a composite number?
False
Is 10296563 composite?
True
Is 14401258 a prime number?
False
Is 22872469 a prime number?
False
Is 683049433 a prime number?
False
Is 90355253 a prime number?
True
Is 29512541 a prime number?
False
Is 185479963 prime?
True
Is 3710591 a prime number?
False
Is 22431167 prime?
False
Is 2669477 composite?
False
Is 221721251 a prime number?
True
Is 51668853 composite?
True
Is 76068391 prime?
False
Is 197047817 composite?
False
Is 264870313 a composite number?
True
Is 29532673 prime?
False
Is 365903 a prime number?
True
Is 26537689 prime?
True
Is 413687 a prime number?
False
Is 1552643 composite?
False
Is 28250045 composite?
True
Is 3361885 a composite number?
True
Is 3912413 a composite number?
False
Is 2752489 composite?
True
Is 1302313 composite?
False
Is 228349039 a prime number?
True
Is 766313 a prime number?
True
Is 58040711 prime?
False
Is 30293359 a prime number?
True
Is 7992493 a composite number?
False
Is 1001659 a composite number?
False
Is 9606431 a prime number?
True
Is 828101 prime?
True
Is 337195727 prime?
False
Is 62843741 a prime number?
True
Is 5456029 prime?
False
Is 4384834 a composite number?
True
Is 189692413 a composite number?
False
Is 4951307 a composite number?
True
Is 38533849 a prime number?
False
Is 2856149 prime?
True
Is 1780769 prime?
False
Is 486249863 prime?
False
Is 32806739 a composite number?
True
Is 31611011 a prime number?
True
Is 13955129 a prime number?
False
Is 1635677 a composite number?
True
Is 43462127 a composite number?
False
Is 1733149 prime?
False
Is 34851559 prime?
True
Is 109253503 a prime number?
True
Is 306187729 composite?
True
Is 8074739 prime?
True
Is 677127083 prime?
True
Is 379721 composite?
False
Is 1831679 a prime number?
True
Is 4307917 a prime number?
False
Is 10504869 prime?
False
Is 4096957 prime?
True
Is 267959 composite?
False
Is 60937 prime?
True
Is 1566079 a prime number?
True
Is 21106523 prime?
True
Is 927096593 a composite number?
False
Is 121092973 composite?
True
Is 5401729 prime?
False
Is 1745633 a prime number?
False
Is 16261631 a composite number?
True
Is 30104089 a composite number?
False
Is 2336273 prime?
False
Is 1167443 a composite number?
False
Is 552889 prime?
False
Is 22425727 prime?
False
Is 45842231 composite?
True
Is 157882159 composite?
True
Is 244806553 a prime number?
False
Is 8298737 prime?
False
Is 6147131 prime?
True
Is 9946817 prime?
True
Is 866086553 a composite number?
False
Is 19573915 prime?
False
Is 667351 a composite number?
False
Is 281363 a prime number?
True
Is 10724099 composite?
False
Is 6311509 composite?
False
Is 194569 composite?
False
Is 1584489 a composite number?
True
Is 107078387 prime?
False
Is 35458849 a prime number?
False
Is 880668611 prime?
True
Is 30788077 prime?
True
Is 1596433 prime?
True
Is 22460369 a prime number?
False
Is 6369802 prime?
False
Is 240776677 a composite number?
False
Is 7944063 a prime number?
False
Is 70917347 prime?
False
Is 7521155 a prime number?
False
Is 213534239 a composite number?
False
Is 3709157 composite?
False
Is 6973319 composite?
False
Is 12329657 composite?
False
Is 5097107 composite?
True
Is 2198689 composite?
False
Is 298097627 composite?
True
Is 8582921 composite?
False
Is 24449163 a prime number?
False
Is 75289 a prime number?
True
Is 346381535 composite?
True
Is 82836503 composite?
True
Is 14581993 a composite number?
False
Is 152680343 a composite number?
True
Is 2582483 a prime number?
False
Is 2930331 composite?
True
Is 39615127 composite?
False
Is 10990403 prime?
True
Is 3447209 composite?
True
Is 28714259 prime?
False
Is 31185829 a composite number?
False
Is 1948837 a composite number?
True
Is 40195601 a prime number?
True
Is 42342185 composite?
True
Is 14016971 a composite number?
False
Is 177589 a composite number?
False
Is 547784537 a composite number?
True
Is 12517703 composite?
True
Is 7456649 prime?
False
Is 6981943 a prime number?
True
Is 1377223 a prime number?
True
Is 4976797 a prime number?
False
Is 38883289 a prime number?
False
Is 14899741 composite?
False
Is 1270231 a prime number?
True
Is 18291109 composite?
False
Is 14038307 a prime number?
True
Is 2654911 a composite number?
True
Is 5914591 prime?
True
